{"id":12764,"date":"2022-06-02T17:28:10","date_gmt":"2022-06-02T13:28:10","guid":{"rendered":"http:\/\/aynagoz.az\/?page_id=12764"},"modified":"2022-06-02T17:28:10","modified_gmt":"2022-06-02T13:28:10","slug":"c%c9%99pgozluyun-muayin%c9%99si","status":"publish","type":"page","link":"https:\/\/aynagoz.az\/?page_id=12764","title":{"rendered":"\u00c7\u0259pg\u00f6zl\u00fcy\u00fcn m\u00fcayin\u0259si"},"content":{"rendered":"","protected":false},"excerpt":{"rendered":"","protected":false},"author":1,"featured_media":0,"parent":0,"menu_order":0,"comment_status":"closed","ping_status":"closed","template":"","meta":{"_acf_changed":false,"footnotes":""},"class_list":["post-12764","page","type-page","status-publish","hentry"],"acf":[],"_links":{"self":[{"href":"https:\/\/aynagoz.az\/index.php?rest_route=\/wp\/v2\/pages\/12764","targetHints":{"allow":["GET"]}}],"collection":[{"href":"https:\/\/aynagoz.az\/index.php?rest_route=\/wp\/v2\/pages"}],"about":[{"href":"https:\/\/aynagoz.az\/index.php?rest_route=\/wp\/v2\/types\/page"}],"author":[{"embeddable":true,"href":"https:\/\/aynagoz.az\/index.php?rest_route=\/wp\/v2\/users\/1"}],"replies":[{"embeddable":true,"href":"https:\/\/aynagoz.az\/index.php?rest_route=%2Fwp%2Fv2%2Fcomments&post=12764"}],"version-history":[{"count":1,"href":"https:\/\/aynagoz.az\/index.php?rest_route=\/wp\/v2\/pages\/12764\/revisions"}],"predecessor-version":[{"id":12765,"href":"https:\/\/aynagoz.az\/index.php?rest_route=\/wp\/v2\/pages\/12764\/revisions\/12765"}],"wp:attachment":[{"href":"https:\/\/aynagoz.az\/index.php?rest_route=%2Fwp%2Fv2%2Fmedia&parent=12764"}],"curies":[{"name":"wp","href":"https:\/\/api.w.org\/{rel}","templated":true}]}}