{"id":12592,"date":"2022-05-24T10:54:08","date_gmt":"2022-05-24T06:54:08","guid":{"rendered":"http:\/\/aynagoz.az\/?page_id=12592"},"modified":"2022-06-28T15:17:16","modified_gmt":"2022-06-28T11:17:16","slug":"keratotopoqrafiya","status":"publish","type":"page","link":"https:\/\/aynagoz.az\/?page_id=12592","title":{"rendered":"Keratotopoqrafiya"},"content":{"rendered":"<p><span style=\"color: #000000;\">7.1 Placido Keratotopoqrafiya \u2013 Bu m\u00fcayin\u0259 \u00fcsulu il\u0259 buynuz qi\u015fan\u0131n s\u0259thinin relyefi haqq\u0131nda m\u0259lumat \u0259ld\u0259 edilir. M\u00fcxt\u0259lif sayda i\u015f\u0131ql\u0131 dair\u0259l\u0259r buynuz qi\u015faya proyeksiya olunaraq, buynuz qi\u015fan\u0131n s\u0259thind\u0259ki bu dair\u0259l\u0259rin \u0259ksinin kopy\u00fcter proqramlar\u0131 vasit\u0259si il\u0259 analizi apar\u0131l\u0131r. Bu metodla buynuz qi\u015fan\u0131n tangensial v\u0259 sagittal x\u0259rit\u0259l\u0259ri \u00e7\u0131xar\u0131laraq relyef haqq\u0131nda d\u0259qiq m\u0259lumat \u0259ld\u0259 edilir. Eyni zamanda keratokonusa, refraktiv \u0259m\u0259liyyat ke\u00e7irilmi\u015f buynuz qi\u015faya, astiqmatizmin tipin\u0259 diaqnoz qoyulur. Z\u0259ifg\u00f6rm\u0259 \u0259m\u0259liyyatlar\u0131na q\u0259rar verm\u0259d\u0259n \u00f6nc\u0259 m\u00fctl\u0259q bu m\u00fcayin\u0259 h\u0259yata ke\u00e7irilm\u0259lidir.<\/span><br \/>\n<span style=\"color: #000000;\">7.2. Scheimpflug keratotopoqrafiyas\u0131 &#8211; buynuz qi\u015faya b\u0259lli \u00f6l\u00e7\u00fcl\u0259rd\u0259 yar\u0131q\u015f\u0259killi i\u015f\u0131q seli y\u00f6nl\u0259ndirilir v\u0259 saniy\u0259d\u0259 25-50 \u0259d\u0259d \u015f\u0259kil \u00e7\u0259kilir. \u018fld\u0259 edilmi\u015f g\u00f6r\u00fcnt\u00fcl\u0259r x\u00fcsusi proqram t\u0259r\u0259find\u0259n analiz olunaraq buynuz qi\u015fan\u0131n \u00f6n v\u0259 arxa s\u0259thi, stromas\u0131, \u00f6n kamera v\u0259 b\u00fcllurun \u00f6n hiss\u0259si il\u0259 \u0259laq\u0259li \u00e7oxlu m\u0259lumat \u0259ld\u0259 edilir. Buynuz qi\u015fan\u0131n \u00f6n s\u0259thi haqq\u0131nda Placido sisteml\u0259r q\u0259d\u0259r d\u0259qiq m\u00fcayin\u0259 etm\u0259s\u0259 d\u0259, buynuz qi\u015fan\u0131n arxa s\u0259thi il\u0259 \u0259laq\u0259dar \u0259n d\u0259qiq m\u0259lumat\u0131 verm\u0259kd\u0259dir. G\u00fcn\u00fcm\u00fczd\u0259 b\u0259zi kombin\u0259 sisteml\u0259r vard\u0131r ki, bunlar Placido v\u0259 Scheimpflug sisteml\u0259rini birl\u0259\u015fdir\u0259r\u0259k yekun m\u0259lumat verir. Bu sisteml\u0259r g\u00f6z\u00fcn \u00f6n seqmentinin analizind\u0259 \u0259v\u0259zolunmazd\u0131r.<\/span><\/p>\n","protected":false},"excerpt":{"rendered":"<p>7.1 Placido Keratotopoqrafiya \u2013 Bu m\u00fcayin\u0259 \u00fcsulu il\u0259 buynuz qi\u015fan\u0131n s\u0259thinin relyefi haqq\u0131nda m\u0259lumat \u0259ld\u0259 edilir. M\u00fcxt\u0259lif sayda i\u015f\u0131ql\u0131 dair\u0259l\u0259r buynuz qi\u015faya proyeksiya olunaraq, buynuz qi\u015fan\u0131n s\u0259thind\u0259ki bu dair\u0259l\u0259rin \u0259ksinin kopy\u00fcter proqramlar\u0131 vasit\u0259si il\u0259 analizi apar\u0131l\u0131r. Bu metodla buynuz qi\u015fan\u0131n tangensial v\u0259 sagittal x\u0259rit\u0259l\u0259ri \u00e7\u0131xar\u0131laraq relyef haqq\u0131nda d\u0259qiq m\u0259lumat \u0259ld\u0259 edilir. Eyni zamanda keratokonusa, refraktiv [&hellip;]<\/p>\n","protected":false},"author":1,"featured_media":0,"parent":0,"menu_order":0,"comment_status":"closed","ping_status":"closed","template":"","meta":{"_acf_changed":false,"footnotes":""},"class_list":["post-12592","page","type-page","status-publish","hentry"],"acf":[],"_links":{"self":[{"href":"https:\/\/aynagoz.az\/index.php?rest_route=\/wp\/v2\/pages\/12592","targetHints":{"allow":["GET"]}}],"collection":[{"href":"https:\/\/aynagoz.az\/index.php?rest_route=\/wp\/v2\/pages"}],"about":[{"href":"https:\/\/aynagoz.az\/index.php?rest_route=\/wp\/v2\/types\/page"}],"author":[{"embeddable":true,"href":"https:\/\/aynagoz.az\/index.php?rest_route=\/wp\/v2\/users\/1"}],"replies":[{"embeddable":true,"href":"https:\/\/aynagoz.az\/index.php?rest_route=%2Fwp%2Fv2%2Fcomments&post=12592"}],"version-history":[{"count":2,"href":"https:\/\/aynagoz.az\/index.php?rest_route=\/wp\/v2\/pages\/12592\/revisions"}],"predecessor-version":[{"id":12931,"href":"https:\/\/aynagoz.az\/index.php?rest_route=\/wp\/v2\/pages\/12592\/revisions\/12931"}],"wp:attachment":[{"href":"https:\/\/aynagoz.az\/index.php?rest_route=%2Fwp%2Fv2%2Fmedia&parent=12592"}],"curies":[{"name":"wp","href":"https:\/\/api.w.org\/{rel}","templated":true}]}}