{"id":12588,"date":"2022-05-24T10:49:14","date_gmt":"2022-05-24T06:49:14","guid":{"rendered":"http:\/\/aynagoz.az\/?page_id=12588"},"modified":"2022-06-28T15:18:43","modified_gmt":"2022-06-28T11:18:43","slug":"viziometriya","status":"publish","type":"page","link":"https:\/\/aynagoz.az\/?page_id=12588","title":{"rendered":"Viziometriya"},"content":{"rendered":"<p><span style=\"color: #000000;\">Viziometriya &#8211; g\u00f6rm\u0259 itiliyinin \u00f6l\u00e7\u00fclm\u0259sidir. Bu m\u00fcayin\u0259 metodunda pasiyentin \u00e7\u0131lpaq g\u00f6z il\u0259 g\u00f6rm\u0259 qabiliyy\u0259ti ( onluq sistem v\u0259 ya faiz il\u0259) v\u0259 korreksiya il\u0259 g\u00f6rm\u0259 qabiliyy\u0259ti \u00f6l\u00e7\u00fcl\u00fcr. M\u0259hz bu m\u00fcayin\u0259d\u0259 t\u0259nb\u0259l g\u00f6z bar\u0259d\u0259 m\u0259lumat \u0259ld\u0259 edilir. Pasiyentl\u0259r\u0259 eyn\u0259k v\u0259 ya kontakt linzalar m\u0259hz bu m\u00fcayin\u0259nin n\u0259tic\u0259sin\u0259 g\u00f6r\u0259 yaz\u0131l\u0131r.<\/span><\/p>\n","protected":false},"excerpt":{"rendered":"<p>Viziometriya &#8211; g\u00f6rm\u0259 itiliyinin \u00f6l\u00e7\u00fclm\u0259sidir. Bu m\u00fcayin\u0259 metodunda pasiyentin \u00e7\u0131lpaq g\u00f6z il\u0259 g\u00f6rm\u0259 qabiliyy\u0259ti ( onluq sistem v\u0259 ya faiz il\u0259) v\u0259 korreksiya il\u0259 g\u00f6rm\u0259 qabiliyy\u0259ti \u00f6l\u00e7\u00fcl\u00fcr. M\u0259hz bu m\u00fcayin\u0259d\u0259 t\u0259nb\u0259l g\u00f6z bar\u0259d\u0259 m\u0259lumat \u0259ld\u0259 edilir. Pasiyentl\u0259r\u0259 eyn\u0259k v\u0259 ya kontakt linzalar m\u0259hz bu m\u00fcayin\u0259nin n\u0259tic\u0259sin\u0259 g\u00f6r\u0259 yaz\u0131l\u0131r.<\/p>\n","protected":false},"author":1,"featured_media":0,"parent":0,"menu_order":0,"comment_status":"closed","ping_status":"closed","template":"","meta":{"_acf_changed":false,"footnotes":""},"class_list":["post-12588","page","type-page","status-publish","hentry"],"acf":[],"_links":{"self":[{"href":"https:\/\/aynagoz.az\/index.php?rest_route=\/wp\/v2\/pages\/12588","targetHints":{"allow":["GET"]}}],"collection":[{"href":"https:\/\/aynagoz.az\/index.php?rest_route=\/wp\/v2\/pages"}],"about":[{"href":"https:\/\/aynagoz.az\/index.php?rest_route=\/wp\/v2\/types\/page"}],"author":[{"embeddable":true,"href":"https:\/\/aynagoz.az\/index.php?rest_route=\/wp\/v2\/users\/1"}],"replies":[{"embeddable":true,"href":"https:\/\/aynagoz.az\/index.php?rest_route=%2Fwp%2Fv2%2Fcomments&post=12588"}],"version-history":[{"count":4,"href":"https:\/\/aynagoz.az\/index.php?rest_route=\/wp\/v2\/pages\/12588\/revisions"}],"predecessor-version":[{"id":12932,"href":"https:\/\/aynagoz.az\/index.php?rest_route=\/wp\/v2\/pages\/12588\/revisions\/12932"}],"wp:attachment":[{"href":"https:\/\/aynagoz.az\/index.php?rest_route=%2Fwp%2Fv2%2Fmedia&parent=12588"}],"curies":[{"name":"wp","href":"https:\/\/api.w.org\/{rel}","templated":true}]}}