{"id":12586,"date":"2022-05-24T10:48:43","date_gmt":"2022-05-24T06:48:43","guid":{"rendered":"http:\/\/aynagoz.az\/?page_id=12586"},"modified":"2022-06-28T15:20:04","modified_gmt":"2022-06-28T11:20:04","slug":"lensmetriya","status":"publish","type":"page","link":"https:\/\/aynagoz.az\/?page_id=12586","title":{"rendered":"Lensmetriya"},"content":{"rendered":"<p><span style=\"color: #000000;\">Lensmetriya &#8211; eyn\u0259k v\u0259 ya kontakt linzalar\u0131n dioptriyas\u0131n\u0131 (d\u0259r\u0259c\u0259sini) t\u0259yin etm\u0259k \u00fc\u00e7\u00fcn istifad\u0259 edil\u0259n m\u00fcayin\u0259 metodudur. Lensmetrl\u0259r vasit\u0259sil\u0259 eyn\u0259k \u015f\u00fc\u015f\u0259sinin sferik d\u0259y\u0259rini, astiqmatizmin d\u0259y\u0259rini v\u0259 buca\u011f\u0131n\u0131 t\u0259yin etm\u0259k m\u00fcmk\u00fcnd\u00fcr. Bundan \u0259lav\u0259 proqressiv \u015f\u00fc\u015f\u0259l\u0259rd\u0259 proqressiv \u0259lav\u0259sini, bifokallarda yax\u0131n \u0259lav\u0259sini, b\u0259b\u0259kl\u0259raras\u0131 m\u0259saf\u0259ni, \u015f\u00fc\u015f\u0259l\u0259rin UV filtrl\u0259m\u0259sini \u00f6l\u00e7m\u0259k m\u00fcmk\u00fcnd\u00fcr.<\/span><\/p>\n","protected":false},"excerpt":{"rendered":"<p>Lensmetriya &#8211; eyn\u0259k v\u0259 ya kontakt linzalar\u0131n dioptriyas\u0131n\u0131 (d\u0259r\u0259c\u0259sini) t\u0259yin etm\u0259k \u00fc\u00e7\u00fcn istifad\u0259 edil\u0259n m\u00fcayin\u0259 metodudur. Lensmetrl\u0259r vasit\u0259sil\u0259 eyn\u0259k \u015f\u00fc\u015f\u0259sinin sferik d\u0259y\u0259rini, astiqmatizmin d\u0259y\u0259rini v\u0259 buca\u011f\u0131n\u0131 t\u0259yin etm\u0259k m\u00fcmk\u00fcnd\u00fcr. Bundan \u0259lav\u0259 proqressiv \u015f\u00fc\u015f\u0259l\u0259rd\u0259 proqressiv \u0259lav\u0259sini, bifokallarda yax\u0131n \u0259lav\u0259sini, b\u0259b\u0259kl\u0259raras\u0131 m\u0259saf\u0259ni, \u015f\u00fc\u015f\u0259l\u0259rin UV filtrl\u0259m\u0259sini \u00f6l\u00e7m\u0259k m\u00fcmk\u00fcnd\u00fcr.<\/p>\n","protected":false},"author":1,"featured_media":0,"parent":0,"menu_order":0,"comment_status":"closed","ping_status":"closed","template":"","meta":{"_acf_changed":false,"footnotes":""},"class_list":["post-12586","page","type-page","status-publish","hentry"],"acf":[],"_links":{"self":[{"href":"https:\/\/aynagoz.az\/index.php?rest_route=\/wp\/v2\/pages\/12586","targetHints":{"allow":["GET"]}}],"collection":[{"href":"https:\/\/aynagoz.az\/index.php?rest_route=\/wp\/v2\/pages"}],"about":[{"href":"https:\/\/aynagoz.az\/index.php?rest_route=\/wp\/v2\/types\/page"}],"author":[{"embeddable":true,"href":"https:\/\/aynagoz.az\/index.php?rest_route=\/wp\/v2\/users\/1"}],"replies":[{"embeddable":true,"href":"https:\/\/aynagoz.az\/index.php?rest_route=%2Fwp%2Fv2%2Fcomments&post=12586"}],"version-history":[{"count":3,"href":"https:\/\/aynagoz.az\/index.php?rest_route=\/wp\/v2\/pages\/12586\/revisions"}],"predecessor-version":[{"id":12933,"href":"https:\/\/aynagoz.az\/index.php?rest_route=\/wp\/v2\/pages\/12586\/revisions\/12933"}],"wp:attachment":[{"href":"https:\/\/aynagoz.az\/index.php?rest_route=%2Fwp%2Fv2%2Fmedia&parent=12586"}],"curies":[{"name":"wp","href":"https:\/\/api.w.org\/{rel}","templated":true}]}}