{"id":12581,"date":"2022-05-24T10:47:00","date_gmt":"2022-05-24T06:47:00","guid":{"rendered":"http:\/\/aynagoz.az\/?page_id=12581"},"modified":"2022-05-24T10:47:12","modified_gmt":"2022-05-24T06:47:12","slug":"tonometriya","status":"publish","type":"page","link":"https:\/\/aynagoz.az\/?page_id=12581","title":{"rendered":"Tonometriya"},"content":{"rendered":"<p><span style=\"color: #000000;\">3.1. Pnevmotonometriya- kompyuteriz\u0259 edilmi\u015f x\u00fcsusu cihazlar g\u00f6z\u00fcn buynuz qi\u015fas\u0131na m\u00fc\u0259yy\u0259n olunmu\u015f t\u0259zyiq il\u0259 hava d\u0259st\u0259si \u00fcf\u00fcr\u00fcr, bu hava d\u0259st\u0259sinin buynuz \u00fci\u015fada s\u0259b\u0259b oldu\u011fu \u00e7\u00f6k\u0259lm\u0259 d\u0259r\u0259c\u0259sin\u0259 uy\u011fun olaraq t\u0259zyiq \u00f6l\u00e7\u00fclm\u00fc\u015f olur. Pnevmotonometriyada g\u00f6zdaxili t\u0259zyiqin normal s\u0259rh\u0259dl\u0259ri 10-21 mm.c.st-dur. \u00d6l\u00e7m\u0259 i\u015fi s\u00fcr\u0259tli oldu\u011fu \u00fc\u00e7\u00fcn \u00fcmumi screening \u00fc\u00e7\u00fcn uy\u011fundur. Amma diaqnoz qoymaq \u00fc\u00e7\u00fcn yet\u0259rli deyil. Bu metodda m\u0259lumatlar\u0131n etibarl\u0131l\u0131\u011f\u0131n\u0131 art\u0131rmaq \u00fc\u00e7\u00fcn buynuz qi\u015fan\u0131n qal\u0131nl\u0131\u011f\u0131n\u0131 n\u0259z\u0259r\u0259 alaraq Korreksiya Olunmu\u015f G\u00f6zdaxili T\u0259zyiq anlay\u0131\u015f\u0131ndan istifad\u0259 olunur.<\/span><br \/>\n<span style=\"color: #000000;\">3.2. Schiotz tonometriyas\u0131- pasiyent uzan\u0131ql\u0131 v\u0259ziyy\u0259td\u0259, g\u00f6z yerli keyl\u0259\u015fdiricil\u0259r alt\u0131nda x\u00fcsusi a\u011f\u0131rl\u0131\u011fa malik \u00e7ubuqlar buynuz qi\u015faya \u015faquli toxundurularaq, buynuz qi\u015fan\u0131n \u00e7\u00f6k\u0259lm\u0259sin\u0259 m\u00fct\u0259nasib cihaz\u0131n \u015fkalas\u0131ndak\u0131 r\u0259q\u0259ml\u0259ri \u015fablon c\u0259dv\u0259ll\u0259 uy\u011funla\u015fd\u0131raraq g\u00f6zdaxili t\u0259zyiq haqq\u0131nda m\u0259lumat \u0259ld\u0259 edilir. Bu metod il\u0259 normal g\u00f6zdaxili t\u0259zyiq d\u0259y\u0259rl\u0259ri 12-24 mm.c.st-dur. Pnevmotonometriyaya n\u0259z\u0259r\u0259n daha etibarl\u0131 m\u0259lumatlar vers\u0259 d\u0259, m\u00fcayin\u0259nin \u00e7\u0259tinliyi v\u0259 vaxtaparanl\u0131\u011f\u0131na g\u00f6r\u0259 k\u00fctl\u0259vi istifad\u0259y\u0259 uy\u011fun deyil. Ancaq pnevmotonometriyada t\u0259zyiq\u0259 \u015f\u00fcbh\u0259 olduqda m\u0259lumat\u0131 d\u0259qiql\u0259\u015fdirm\u0259k \u00fc\u00e7\u00fcn istifad\u0259 olunur. \u00c7ox nadir halda buynuz qi\u015fadak\u0131 probleml\u0259r\u0259 k\u00f6r\u0259 pnevotonometriya \u00f6l\u00e7\u00fcm verm\u0259y\u0259nd\u0259 d\u0259 bu metod istifad\u0259 oluna bil\u0259r.<\/span><br \/>\n<span style=\"color: #000000;\">3.3. Goldmann applanasyon tonometriyas\u0131- biomikroskopa motaj edilmi\u015f x\u00fcsusi applanator vasit\u0259si il\u0259 \u00f6l\u00e7\u00fcm apar\u0131l\u0131r. X\u0259st\u0259 biomikroskopun \u00f6n\u00fcn\u0259 \u0259yl\u0259\u015fdirilir, g\u00f6z\u0259 keyl\u0259\u015fdirici damla dam\u0131zd\u0131r\u0131laraq bir ne\u00e7\u0259 d\u0131qiq\u0259 g\u00f6zl\u0259nilir. Keyl\u0259\u015fm\u0259 olduqdan sonra g\u00f6z\u0259 durula\u015fd\u0131r\u0131lm\u0131\u015f Fluoressein damla dam\u0131zd\u0131r\u0131l\u0131r. Al\u0259tin u\u00e7lu\u011fu dezinfeksiya edildikd\u0259n sonra qaranl\u0131q otaqda maksimal intensivlikli Cobalt mavisi i\u015f\u0131qla 45 d\u0259r\u0259c\u0259 bucaq alt\u0131nda buynuz qu\u015fa m\u00fcayin\u0259 olunur. G\u00f6rm\u0259 sah\u0259sind\u0259ki iki \u0259d\u0259d yar\u0131mdair\u0259nin \u0259ks uclar\u0131 toqqu\u015fans q\u0259d\u0259r buynuz qi\u015fa t\u0259zyiq il\u0259 s\u0131x\u0131l\u0131r. \u018fld\u0259 edil\u0259n r\u0259q\u0259m g\u00f6zdaxili t\u0259zyiqi g\u00f6st\u0259rir. Goldmann tonometriyas\u0131n \u201cQ\u0131z\u0131l Standart\u201d olaraq q\u0259bul edilm\u0259kd\u0259dir. Bu metodla normsl g\u00f6zdaxili t\u0259zyiq interval\u0131 12-22 mm.c.st-dur.<\/span><br \/>\n<span style=\"color: #000000;\">3.4. \u0130-Care rebaund tonometriyas\u0131- m\u00fcxt\u0259lif model \u0130-Care cihazlar\u0131 vasit\u0259si il\u0259 buynuz qi\u015faya m\u00fc\u0259yy\u0259n olunmu\u015f t\u0259zyiq il\u0259 ucu topuzlu iyn\u0259l\u0259r it\u0259l\u0259nir. Bu iyn\u0259l\u0259rin geri qay\u0131tma t\u0259ziqinf\u0259ki f\u0259rq\u0259 uy\u011fun olaraq g\u00f6zdaxili t\u0259zyiq \u00f6l\u00e7\u00fclm\u00fc\u015f olur. Bu metod il\u0259 g\u00f6zdaxili t\u0259zyiqin normal d\u0259y\u0259rl\u0259ri 11-24 mm.c.st-dur. Bu metod g\u00fcn\u00fcm\u00fczd\u0259 \u0259n etibar olunan metodlardan say\u0131l\u0131r v\u0259 h\u0259tta b\u0259z\u0259n art\u0131q \u201cQ\u0131z\u0131l Standart\u201d da deyilir. M\u00fcayin\u0259nin q\u0131sa olmas\u0131 bu metodu daha istifad\u0259li edir.<\/span><\/p>\n","protected":false},"excerpt":{"rendered":"<p>3.1. Pnevmotonometriya- kompyuteriz\u0259 edilmi\u015f x\u00fcsusu cihazlar g\u00f6z\u00fcn buynuz qi\u015fas\u0131na m\u00fc\u0259yy\u0259n olunmu\u015f t\u0259zyiq il\u0259 hava d\u0259st\u0259si \u00fcf\u00fcr\u00fcr, bu hava d\u0259st\u0259sinin buynuz \u00fci\u015fada s\u0259b\u0259b oldu\u011fu \u00e7\u00f6k\u0259lm\u0259 d\u0259r\u0259c\u0259sin\u0259 uy\u011fun olaraq t\u0259zyiq \u00f6l\u00e7\u00fclm\u00fc\u015f olur. Pnevmotonometriyada g\u00f6zdaxili t\u0259zyiqin normal s\u0259rh\u0259dl\u0259ri 10-21 mm.c.st-dur. \u00d6l\u00e7m\u0259 i\u015fi s\u00fcr\u0259tli oldu\u011fu \u00fc\u00e7\u00fcn \u00fcmumi screening \u00fc\u00e7\u00fcn uy\u011fundur. Amma diaqnoz qoymaq \u00fc\u00e7\u00fcn yet\u0259rli deyil. Bu metodda m\u0259lumatlar\u0131n [&hellip;]<\/p>\n","protected":false},"author":1,"featured_media":0,"parent":0,"menu_order":0,"comment_status":"closed","ping_status":"closed","template":"","meta":{"_acf_changed":false,"footnotes":""},"class_list":["post-12581","page","type-page","status-publish","hentry"],"acf":[],"_links":{"self":[{"href":"https:\/\/aynagoz.az\/index.php?rest_route=\/wp\/v2\/pages\/12581","targetHints":{"allow":["GET"]}}],"collection":[{"href":"https:\/\/aynagoz.az\/index.php?rest_route=\/wp\/v2\/pages"}],"about":[{"href":"https:\/\/aynagoz.az\/index.php?rest_route=\/wp\/v2\/types\/page"}],"author":[{"embeddable":true,"href":"https:\/\/aynagoz.az\/index.php?rest_route=\/wp\/v2\/users\/1"}],"replies":[{"embeddable":true,"href":"https:\/\/aynagoz.az\/index.php?rest_route=%2Fwp%2Fv2%2Fcomments&post=12581"}],"version-history":[{"count":2,"href":"https:\/\/aynagoz.az\/index.php?rest_route=\/wp\/v2\/pages\/12581\/revisions"}],"predecessor-version":[{"id":12583,"href":"https:\/\/aynagoz.az\/index.php?rest_route=\/wp\/v2\/pages\/12581\/revisions\/12583"}],"wp:attachment":[{"href":"https:\/\/aynagoz.az\/index.php?rest_route=%2Fwp%2Fv2%2Fmedia&parent=12581"}],"curies":[{"name":"wp","href":"https:\/\/api.w.org\/{rel}","templated":true}]}}